
48
What is the remainder when 106 is divided by 26?
2
Calculate the remainder when 4517 is divided by 28.
9
Calculate the remainder when 1570 is divided by 143.
140
What is the remainder when 2281 is divided by 379?
7
Calculate the remainder when 317 is divided by 296.
21
Calculate the remainder when 247 is divided by 12.
7
Calculate the remainder when 424 is divided by 411.
13
What is the remainder when 662 is divided by 85?
67
Calculate the remainder when 131 is divided by 29.
15
What is the remainder when 270 is divided by 117?
36
Calculate the remainder when 367 is divided by 6.
1
What is the remainder when 74 is divided by 19?
17
Calculate the remainder when 105 is divided by 52.
1
Calculate the remainder when 5507 is divided by 28.
19
Calculate the remainder when 66 is divided by 17.
15
What is the remainder when 407 is divided by 8?
7
Calculate the remainder when 314 is divided by 69.
38
What is the remainder when 137 is divided by 132?
5
What is the remainder when 572 is divided by 41?
39
What is the remainder when 3866 is divided by 551?
9
What is the remainder when 7989 is divided by 12?
9
Calculate the remainder when 550 is divided by 131.
26
What is the remainder when 23 is divided by 8?
7
Calculate the remainder when 209 is divided by 12.
5
Calculate the remainder when 3149 is divided by 175.
174
Calculate the remainder when 28 is divided by 15.
13
What is the remainder when 8775 is divided by 77?
74
What is the remainder when 28 is divided by 11?
6
What is the remainder when 2833 is divided by 79?
68
What is the remainder when 79 is divided by 20?
19
Calculate the remainder when 127 is divided by 40.
7
Calculate the remainder when 366 is divided by 114.
24
Calculate the remainder when 409 is divided by 83.
77
What is the remainder when 7781 is divided by 278?
275
What is the remainder when 656 is divided by 250?
156
Calculate the remainder when 83 is divided by 70.
13
What is the remainder when 709 is divided by 700?
9
What is the remainder when 108 is divided by 99?
9
Calculate the remainder when 814 is divided by 82.
76
Calculate the remainder when 1458 is divided by 12.
6
Calculate the remainder when 1119 is divided by 33.
30
What is the remainder when 331 is divided by 112?
107
Calculate the remainder when 7284 is divided by 18.
12
What is the remainder when 182 is divided by 31?
27
What is the remainder when 269 is divided by 34?
31
What is the remainder when 3503 is divided by 117?
110
What is the remainder when 18303 is divided by 17?
11
What is the remainder when 126 is divided by 12?
6
What is the remainder when 267 is divided by 17?
12
Calculate the remainder when 364 is divided by 84.
28
What is the remainder when 104 is divided by 39?
26
What is the remainder when 168 is divided by 48?
24
What is the remainder when 1055 is divided by 14?
5
What is the remainder when 354 is divided by 346?
8
Calculate the remainder when 63 is divided by 22.
19
What is the remainder when 156 is divided by 53?
50
Calculate the remainder when 222 is divided by 61.
39
Calculate the remainder when 75 is divided by 29.
17
Calculate the remainder when 415 is divided by 202.
11
What is the remainder when 65 is divided by 4?
1
Calculate the remainder when 9419 is divided by 9.
5
Calculate the remainder when 306 is divided by 26.
20
Calculate the remainder when 86 is divided by 11.
9
What is the remainder when 75 is divided by 34?
7
What is the remainder when 273 is divided by 55?
53
Calculate the remainder when 524 is divided by 45.
29
What is the remainder when 3479 is divided by 15?
14
Calculate the remainder when 5333 is divided by 4.
1
What is the remainder when 962 is divided by 9?
8
What is the remainder when 113 is divided by 40?
33
Calculate the remainder when 890 is divided by 47.
44
Calculate the remainder when 637 is divided by 72.
61
Calculate the remainder when 103 is divided by 26.
25
Calculate the remainder when 149 is divided by 19.
16
Calculate the remainder when 244 is divided by 6.
4
What is the remainder when 1029 is divided by 10?
9
Calculate the remainder when 912 is divided by 83.
82
Calculate the remainder when 2096 is divided by 263.
255
Calculate the remainder when 186 is divided by 19.
15
Calculate the remainder when 1018 is divided by 144.
10
Calculate the remainder when 933 is divided by 182.
23
Calculate the remainder when 94 is divided by 38.
18
Calculate the remainder when 777 is divided by 232.
81
Calculate the remainder when 799 is divided by 53.
4
Calculate the remainder when 533 is divided by 176.
5
What is the remainder when 21866 is divided by 154?
152
Calculate the remainder when 715 is divided by 80.
75
Calculate the remainder when 21 is divided by 6.
3
What is the remainder when 508 is divided by 66?
46
Calculate the remainder when 191 is divided by 15.
11
What is the remainder when 443 is divided by 96?
59
Calculate the remainder when 71 is divided by 27.
17
What is the remainder when 530 is divided by 38?
36
Calculate the remainder when 20 is divided by 12.
8
What is the remainder when 3192 is divided by 33?
24
Calculate the remainder when 63 is divided by 27.
9
Calculate the remainder when 352 is divided by 173.
6
What is the remainder when 114 is divided by 70?
44
Calculate the remainder when 168 is divided by 19.
16
What is the remainder when 1316 is divided by 601?
114
Calculate the remainder when 2551 is divided by 29.
28
Calculate the remainder when 4691 is divided by 13.
11
Calculate the remainder when 211 is divided by 168.
43
What is the remainder when 295 is divided by 5?
0
What is the remainder when 23 is divided by 13?
10
Calculate the remainder when 60 is divided by 22.
16
Calculate the remainder when 71 is divided by 37.
34
What is the remainder when 93 is divided by 13?
2
What is the remainder when 3876 is divided by 429?
15
What is the remainder when 1068 is divided by 17?
14
What is the remainder when 148 is divided by 87?
61
Calculate the remainder when 6323 is divided by 171.
167
Calculate the remainder when 121 is divided by 24.
1
Calculate the remainder when 1245 is divided by 484.
277
What is the remainder when 29042 is divided by 106?
104
What is the remainder when 52 is divided by 28?
24
What is the remainder when 2173 is divided by 19?
7
What is the remainder when 73 is divided by 56?
17
What is the remainder when 1392 is divided by 690?
12
Calculate the remainder when 31 is divided by 12.
7
Calculate the remainder when 222 is divided by 5.
2
Calculate the remainder when 42 is divided by 22.
20
Calculate the remainder when 52 is divided by 17.
1
Calculate the remainder when 640 is divided by 19.
13
Calculate the remainder when 494 is divided by 129.
107
What is the remainder when 287 is divided by 48?
47
Calculate the remainder when 23 is divided by 17.
6
Calculate the remainder when 1365 is divided by 36.
33
What is the remainder when 166 is divided by 20?
6
What is the remainder when 15 is divided by 10?
5
Calculate the remainder when 17555 is divided by 42.
41
What is the remainder when 35 is divided by 13?
9
Calculate the remainder when 3409 is divided by 38.
27
Calculate the remainder when 1848 is divided by 25.
23
What is the remainder when 703 is divided by 9?
1
What is the remainder when 31 is divided by 26?
5
What is the remainder when 118 is divided by 20?
18
What is the remainder when 810 is divided by 379?
52
What is the remainder when 1215 is divided by 19?
18
What is the remainder when 1002 is divided by 82?
18
Calculate the remainder when 19086 is divided by 2120.
6
Calculate the remainder when 257 is divided by 90.
77
What is the remainder when 336 is divided by 116?
104
What is the remainder when 134 is divided by 32?
6
Calculate the remainder when 1602 is divided by 229.
228
Calculate the remainder when 312 is divided by 81.
69
What is the remainder when 4178 is divided by 1388?
14
Calculate the remainder when 221 is divided by 34.
17
What is the remainder when 68 is divided by 45?
23
Calculate the remainder when 34 is divided by 7.
6
Calculate the remainder when 167 is divided by 80.
7
Calculate the remainder when 133 is divided by 99.
34
What is the remainder when 941 is divided by 130?
31
Calculate the remainder when 269 is divided by 21.
17
What is t